520?
305
What is the highest common divisor of 34 and 17232883?
17
What is the highest common divisor of 3770 and 21895?
145
What is the highest common divisor of 211994 and 4?
2
Calculate the greatest common factor of 3414 and 30.
6
What is the greatest common factor of 5698 and 371406?
518
Calculate the highest common divisor of 1953 and 225.
9
Calculate the greatest common divisor of 7939 and 94334.
467
What is the highest common divisor of 70908 and 108?
12
What is the greatest common divisor of 6190 and 230?
10
What is the highest common divisor of 2261 and 1995?
133
Calculate the highest common factor of 514352 and 1360.
272
Calculate the highest common divisor of 84 and 16428.
12
What is the greatest common divisor of 54360 and 440?
40
Calculate the greatest common factor of 138798 and 44.
22
What is the highest common divisor of 4867641 and 2594?
1297
What is the greatest common factor of 63100 and 1300?
100
Calculate the highest common factor of 63100 and 1300.
100
Calculate the greatest common factor of 220 and 71480.
20
What is the greatest common factor of 346 and 3407581?
173
What is the greatest common divisor of 52 and 614458?
26
What is the greatest common divisor of 23387 and 433559?
1799
Calculate the greatest common divisor of 240 and 35920.
80
What is the greatest common divisor of 638680 and 80?
40
What is the highest common divisor of 14104 and 2993?
41
What is the greatest common divisor of 1545 and 726?
3
Calculate the greatest common factor of 796040 and 760.
40
Calculate the highest common divisor of 91060 and 58.
58
Calculate the greatest common factor of 964 and 128.
4
Calculate the greatest common factor of 7062 and 726.
66
What is the greatest common divisor of 270274 and 36892?
802
What is the highest common divisor of 418 and 1501874?
418
What is the highest common divisor of 1660 and 346110?
830
Calculate the greatest common factor of 1053 and 624.
39
Calculate the greatest common divisor of 167 and 3424.
1
Calculate the greatest common divisor of 184 and 1216447.
23
What is the highest common factor of 3564700 and 829?
829
What is the highest common factor of 277468 and 32?
4
What is the highest common divisor of 28472 and 448?
8
Calculate the highest common divisor of 2645 and 5405.
115
What is the greatest common divisor of 84864 and 6851?
221
What is the highest common divisor of 385 and 105259?
77
Calculate the highest common factor of 465 and 555.
15
Calculate the highest common factor of 860 and 10578.
86
Calculate the highest common divisor of 63 and 52713.
9
Calculate the highest common divisor of 12586 and 22134.
434
What is the highest common divisor of 2979 and 11061?
9
Calculate the highest common divisor of 514 and 27499.
257
Calculate the highest common divisor of 22 and 578138.
22
What is the highest common factor of 442773 and 405?
27
Calculate the greatest common factor of 744 and 1816.
8
What is the greatest common factor of 103680 and 450?
90
What is the highest common factor of 275730 and 20748?
546
What is the highest common factor of 99 and 45081?
9
What is the greatest common factor of 742 and 854?
14
Calculate the greatest common factor of 9020 and 22880.
220
Calculate the highest common divisor of 13194 and 6264.
18
What is the highest common divisor of 864 and 114480?
432
Calculate the greatest common divisor of 377504 and 1255.
251
What is the highest common factor of 7294 and 84?
14
What is the greatest common factor of 889 and 5969?
127
What is the greatest common divisor of 66 and 24222?
66
What is the highest common factor of 1798 and 1363?
29
Calculate the greatest common factor of 18390 and 8.
2
Calculate the greatest common factor of 6542 and 2.
2
Calculate the greatest common divisor of 660 and 154880.
220
Calculate the greatest common factor of 307664 and 196.
28
Calculate the highest common factor of 21050 and 41175.
25
What is the highest common divisor of 670398 and 12?
6
Calculate the greatest common divisor of 14 and 2198.
14
What is the highest common divisor of 432 and 275256?
72
What is the highest common factor of 6777 and 301200?
753
What is the greatest common factor of 78 and 42224?
26
Calculate the highest common factor of 10025 and 175.
25
Calculate the greatest common divisor of 30 and 31875.
15
Calculate the highest common divisor of 266 and 407414.
14
What is the highest common divisor of 1746 and 251230?
194
Calculate the greatest common divisor of 118424 and 8.
8
What is the highest common divisor of 16 and 194576?
16
What is the highest common divisor of 298 and 8430?
2
What is the highest common factor of 320 and 363360?
160
What is the highest common divisor of 35264 and 93632?
1216
Calculate the greatest common factor of 83433 and 435.
87
Calculate the highest common divisor of 226 and 3954774.
226
Calculate the highest common divisor of 45087 and 1197.
399
Calculate the greatest common factor of 4824 and 64.
8
Calculate the highest common factor of 28 and 72422.
14
Calculate the highest common factor of 5585957 and 169.
169
Calculate the highest common factor of 36 and 371.
1
Calculate the highest common factor of 130 and 58552.
26
Calculate the highest common factor of 105 and 6195.
105
Calculate the highest common factor of 11658 and 40200.
402
Calculate the highest common factor of 132139 and 301.
301
Calculate the greatest common factor of 11 and 1466597.
11
Calculate the greatest common factor of 1140 and 29220.
60
What is the greatest common factor of 220 and 10252?
44
Calculate the highest common factor of 640 and 580480.
640
Calculate the highest common factor of 969 and 23009.
19
What is the highest common factor of 2 and 91347?
1
Calculate the highest common factor of 205020 and 60.
60
Calculate the highest common factor of 105 and 28833.
21
What is the greatest common factor of 1092 and 700?
28
What is the highest common divisor of 438 and 2598?
6
What is the highest common divisor of 184 and 62399?
23
What is the greatest common divisor of 10692 and 352?
44
What is the highest common factor of 280 and 75880?
280
What is the greatest common factor of 1074500 and 120?
20
Calculate the greatest common factor of 2 and 4618.
2
What is the highest common factor of 108 and 115188?
12
What is the greatest common divisor of 2609118 and 27?
27
Calculate the greatest common factor of 714 and 5236.
238
Calculate the greatest common divisor of 6447 and 20569.
307
Calculate the highest common divisor of 1197 and 3282839.
133
What is the highest common factor of 992 and 5177?
31
Calculate the highest common factor of 774 and 481041.
387
Calculate the greatest common divisor of 177503 and 2780.
139
What is the highest common factor of 86528 and 5504?
128
Calculate the greatest common factor of 441 and 567.
63
Calculate the greatest common factor of 11583 and 1683.
99
What is the greatest common factor of 606658 and 78?
26
Calculate the greatest common factor of 520 and 11080.
40
Calculate the highest common divisor of 9792 and 32418.
18
Calculate the greatest common factor of 340569 and 45.
9
Calculate the greatest common divisor of 15787 and 1.
1
Calculate the highest common divisor of 106702 and 155.
31
What is the greatest common factor of 61 and 305183?
61
What is the greatest common divisor of 287245 and 140?
35
What is the highest common factor of 2268 and 636741?
567
Calculate the greatest common divisor of 65308 and 928.
116
Calculate the greatest common divisor of 81 and 4099.
1
Calculate the greatest common factor of 48925 and 95.
95
Calculate the greatest common factor of 11690668 and 43.
43
Calculate the greatest common divisor of 1494 and 165.
3
Calculate the highest common divisor of 18 and 6543.
9
What is the greatest common factor of 41307 and 245?
49
Calculate the greatest common divisor of 2089505 and 5.
5
Calculate the greatest common divisor of 6380 and 99528.
1276
What is the highest common divisor of 1744 and 5777?
109
Calculate the greatest common factor of 84812 and 35.
7
Calculate the highest common divisor of 80164 and 56.
28
What is the greatest common factor of 6420930 and 10?
10
Calculate the greatest common factor of 165564 and 87892.
2044
What is the greatest common factor of 41 and 308197?
41
Calculate the greatest com